.
47, 6654581
List the prime factors of 48005531.
7, 23, 298171
What are the prime factors of 1906062324?
2, 3, 4349, 36523
What are the prime factors of 36889307?
7, 13, 8273
List the prime factors of 1075284896.
2, 7, 509, 9431
What are the prime factors of 46656469?
109, 428041
What are the prime factors of 1149864486?
2, 3, 1279, 149839
List the prime factors of 390848407.
23, 1181, 14389
List the prime factors of 377645135.
5, 7, 43, 59, 4253
What are the prime factors of 57344824?
2, 389, 18427
List the prime factors of 253606702.
2, 181, 700571
What are the prime factors of 135227658?
2, 3, 22537943
List the prime factors of 775571089.
19, 40819531
What are the prime factors of 16243015?
5, 3248603
List the prime factors of 804284654.
2, 17, 23, 73, 193
What are the prime factors of 4009997?
491, 8167
List the prime factors of 1490588452.
2, 5303, 70271
What are the prime factors of 89533608?
2, 3, 223, 16729
What are the prime factors of 302044642?
2, 43, 3512147
What are the prime factors of 123048375?
3, 5, 328129
List the prime factors of 94677704.
2, 11, 401, 2683
What are the prime factors of 81488837?
17, 37, 129553
List the prime factors of 3014864542.
2, 1507432271
List the prime factors of 16013637.
3, 19, 37, 2531
List the prime factors of 223166430.
2, 3, 5, 2479627
What are the prime factors of 26558500?
2, 5, 53117
What are the prime factors of 118226139?
3, 39408713
List the prime factors of 4575539182.
2, 181, 2897, 4363
List the prime factors of 17822982.
2, 3, 653, 4549
What are the prime factors of 572490975?
3, 5, 7, 1090459
What are the prime factors of 182967629?
13, 1049, 13417
What are the prime factors of 226774432?
2, 29, 43, 5683
What are the prime factors of 57854979?
3, 7, 13, 47, 167
List the prime factors of 87923776.
2, 281, 4889
List the prime factors of 140456397.
3, 17, 2754047
What are the prime factors of 247857734?
2, 71, 547, 3191
What are the prime factors of 5334837648?
2, 3, 7, 47, 359, 941
What are the prime factors of 62559879?
3, 20853293
What are the prime factors of 1652390007?
3, 15913, 34613
List the prime factors of 2606149494.
2, 3, 13, 73, 152567
List the prime factors of 5475163109.
13, 421166393
What are the prime factors of 18132982?
2, 7, 17, 61, 1249
What are the prime factors of 600661003?
19, 199, 158863
List the prime factors of 1013584906.
2, 19, 43, 61, 10169
List the prime factors of 491688649.
29, 16954781
What are the prime factors of 42477203?
17, 2498659
List the prime factors of 183515141.
7673, 23917
What are the prime factors of 1082704242?
2, 3, 180450707
What are the prime factors of 1695880702?
2, 17851, 47501
What are the prime factors of 4036828216?
2, 504603527
List the prime factors of 386365171.
17, 19, 1196177
What are the prime factors of 129025103?
129025103
List the prime factors of 2033335211.
73, 27853907
What are the prime factors of 31208151?
3, 13, 800209
What are the prime factors of 1438820347?
17, 199, 425309
List the prime factors of 623667227.
37, 43, 113, 3469
What are the prime factors of 806656803?
3, 268885601
List the prime factors of 1350239113.
37, 347, 105167
List the prime factors of 172409440.
2, 5, 7, 21991
List the prime factors of 48816445.
5, 41, 53, 4493
List the prime factors of 480481814.
2, 2791, 86077
List the prime factors of 239661124.
2, 31, 53, 36467
What are the prime factors of 139698385?
5, 103, 487, 557
List the prime factors of 83784875.
5, 670279
List the prime factors of 112321799.
1103, 101833
What are the prime factors of 2718266617?
11, 73, 3385139
What are the prime factors of 929148674?
2, 464574337
List the prime factors of 346813623.
3, 13, 59, 16747
List the prime factors of 886869.
3, 10949
List the prime factors of 2263106015.
5, 643, 839
List the prime factors of 103848956.
2, 23, 43, 26251
What are the prime factors of 822002305?
5, 164400461
What are the prime factors of 19977131?
53, 376927
What are the prime factors of 161184692?
2, 61, 660593
What are the prime factors of 1103394695?
5, 13, 19, 59, 797
What are the prime factors of 217992478?
2, 11, 29, 341681
List the prime factors of 225022545.
3, 5, 11, 83, 5477
What are the prime factors of 241330095?
3, 5, 37, 193, 751
What are the prime factors of 921309293?
921309293
List the prime factors of 222225614.
2, 13, 233, 36683
What are the prime factors of 118669933?
118669933
List the prime factors of 127891111.
151, 846961
List the prime factors of 289498082.
2, 311, 313, 1487
List the prime factors of 62490585.
3, 5, 691, 6029
List the prime factors of 18190297.
2531, 7187
List the prime factors of 1505848872.
2, 3, 11, 518543
What are the prime factors of 57258265?
5, 11451653
What are the prime factors of 160090352?
2, 19, 61, 89, 97
What are the prime factors of 2972053435?
5, 13, 19, 9743
List the prime factors of 372246100.
2, 5, 19, 195919
What are the prime factors of 191709834?
2, 3, 199, 307, 523
List the prime factors of 92999609.
92999609
What are the prime factors of 10654480?
2, 5, 97, 1373
What are the prime factors of 23190645?
3, 5, 107, 14449
What are the prime factors of 56705380?
2, 5, 2835269
List the prime factors of 227696640.
2, 3, 5, 17, 109
What are the prime factors of 293521366?
2, 83, 103, 17167
What are the prime factors of 656806792?
2, 193, 425393
List the prime factors of 388031748.
2, 3, 13, 2487383
List the prime factors of 237274836.
2, 3, 19772903
List the prime factors of 1632950303.
79, 3709, 5573
What are the prime factors of 72856947?
3, 103, 235783
List the prime factors of 56452129.
56452129
What are the prime factors of 796304547?
3, 71, 415391
List the prime factors of 56890406.
2, 887, 32069
List the prime factors of 41395546.
2, 1889, 10957
What are the prime factors of 1966226425?
5, 83, 947579
List the prime factors of 244365906.
2, 3, 40727651
What are the prime factors of 174647272?
2, 83, 263023
What are the prime factors of 210191189?
13, 3271, 4943
What are the prime factors of 1929347342?
2, 13, 74205667
What are the prime factors of 633126331?
47, 89, 151357
What are the prime factors of 507360920?
2, 5, 11, 17, 67829
List the prime factors of 42679857.
3, 11, 1293329
What are the prime factors of 43938418?
2, 23, 955183
List the prime factors of 705406145.
5, 141081229
What are the prime factors of 193207174?
2, 113, 854899
List the prime factors of 2433816550.
2, 5, 11, 733, 6037
List the prime factors of 1104137569.
1104137569
What are the prime factors of 3518148064?
2, 199, 552473
List the prime factors of 532649773.
532649773
What are the prime factors of 85983914?
2, 53, 67, 12107
What are the prime factors of 1969154376?
2, 3, 7, 19, 88129
What are the prime factors of 112032190?
2, 5, 11203219
What are the prime factors of 21776376?
2, 3, 281, 3229
What are the prime factors of 48667913?
7, 37, 187907
What are the prime factors of 15455613?
3, 5151871
What are the prime factors of 232546697?
232546697
What are the prime factors of 700903795?
5, 17, 8245927
List the prime factors of 55260856.
2, 7, 986801
What are the prime factors of 2908410571?
11, 67, 358753
List the prime factors of 1702955713.
1951, 872863
List the prime factors of 4235847733.
13, 199, 877, 1867
What are the prime factors of 32109869?
11, 2919079
What are the prime factors of 3186683456?
2, 11, 17, 59, 4513
What are the prime factors of 484469898?
2, 3, 11, 67, 89, 1231
What are the prime factors of 223867726?
2, 127, 881369
List the prime factors of 64183116.
2, 3, 277, 19309
List the prime factors of 63615250.
2, 5, 254461
List the prime factors of 370302038.
2, 359, 515741
What are the prime factors of 107154583?
73, 151, 9721
List the prime factors of 975988415.
5, 43, 4539481
List the prime factors of 42156475.
5, 1686259
List the prime factors of 28554009.
3, 11, 29, 29837
What are the prime factors of 1153478981?
1153478981
What are the prime factors of 2485746842?
2, 31, 2633, 15227
List the prime factors of 413943878.
2, 521, 397259
List the prime factors of 515978951.
17, 30351703
List the prime factors of 6741144679.
1949, 3458771
List the prime factors of 1709197373.
13, 59, 463, 4813
List the prime factors of 866335464.
2, 3, 37, 325201
List the prime factors of 4861036.
2, 19, 167, 383
What are 